. Calculate j(-6).
0
Let c(g) = g**3 + 10*g**2 + 30*g + 68. Determine c(-7).
5
Let g(o) = o**3 + 4*o**2 - 6*o + 14. Determine g(-7).
-91
Let i(j) = -6*j + 40. Give i(5).
10
Let x(a) = -2*a**2 + 9*a + 16. Calculate x(7).
-19
Let l(c) = c**3 + 9*c**2 - 52*c + 17. Determine l(-13).
17
Let j(l) = -l**2 - 20*l - 94. Give j(-7).
-3
Let f(m) = m**3 - 19*m**2 + 26*m + 28. What is f(17)?
-108
Let l(i) = -5*i + 197. Determine l(40).
-3
Let y(d) = -11*d - 23. What is y(-3)?
10
Let p(k) = 6*k**3 + 3*k**2 - 2*k + 2. What is p(2)?
58
Let u(l) = -l**3 - 7*l**2 - l - 8. What is u(-7)?
-1
Let a(d) = -3*d - 2. Give a(-2).
4
Let s(k) = k + 8. What is s(-4)?
4
Let r(d) = d**3 - 8*d**2 + 12*d - 1. What is r(5)?
-16
Let f(c) = -c**3 - 21*c**2 - 24*c - 84. Determine f(-20).
-4
Let m(i) = 33*i**2 + i - 1. Give m(1).
33
Let w(r) = -4*r**2 - 10*r + 3. Calculate w(-4).
-21
Let t(q) = 3*q**2 + 4*q - 6. Determine t(-4).
26
Let c(y) = y**2 + 4*y - 51. What is c(-11)?
26
Let v(s) = 2*s + 5. Give v(-11).
-17
Let p(x) = 9*x. Determine p(-6).
-54
Let p(f) = 7*f**2 + 2*f - 10. Calculate p(4).
110
Let p(w) = -2*w**3 + 40*w**2 - 25. Give p(20).
-25
Let i(t) = 5*t**2 - 2*t - 5. Determine i(0).
-5
Let a(d) = -d**2 - 29*d - 52. Determine a(-29).
-52
Let k(a) = -3*a**2 - 18*a. Calculate k(-6).
0
Let c(j) = -j**3 - 11*j**2 - 11*j + 7. Calculate c(-10).
17
Let x(n) = -n + 42. What is x(50)?
-8
Let y(o) = 4*o + 3. Determine y(-9).
-33
Let b(j) = j**3 + 4*j**2 + 10*j + 20. Calculate b(-4).
-20
Let p(t) = -21*t - 84. What is p(-5)?
21
Let n(c) = c**2 - 9*c - 3. Calculate n(8).
-11
Let u(l) = l**3 + l**2 - 5*l - 4. What is u(-3)?
-7
Let g(i) = -2*i**2 + 30*i + 20. Calculate g(16).
-12
Let b(j) = 21*j**2 + j - 1. Give b(1).
21
Let o(v) = v + 3. Determine o(-3).
0
Let u(o) = o + 31. What is u(-10)?
21
Let w(c) = -2*c + 8. What is w(11)?
-14
Let v(p) = -p**2 - 14*p + 33. What is v(-16)?
1
Let r(w) = 10*w - 7. What is r(7)?
63
Let r(t) = 2*t**3 + 30*t**2 - 35*t - 42. Give r(-16).
6
Let w(f) = -f**2 + 12*f - 3. Determine w(11).
8
Let m(q) = 20*q + 1. What is m(-1)?
-19
Let c(b) = 42*b - 168. Give c(4).
0
Let u(o) = 5*o + 51. Give u(-9).
6
Let v(i) = 47*i - 274. Determine v(6).
8
Let n(o) = 3*o + 14. Determine n(-6).
-4
Let s(r) = -r - 11. What is s(-3)?
-8
Let h(c) = -3*c**2 + 12*c - 6. What is h(4)?
-6
Let l(o) = -4*o**2 + o + 6. What is l(4)?
-54
Let g(o) = -o**3 + 12*o**2 - 23*o + 23. Give g(10).
-7
Let z(d) = 3*d**2 - 17*d + 15. Determine z(6).
21
Let w(f) = f**3 + 8*f**2 - 1. Calculate w(-9).
-82
Let x(w) = -39*w**2 - 6*w - 5. Give x(-1).
-38
Let a(g) = -g**2 - 5*g - 16. What is a(-6)?
-22
Let r(j) = 3*j - 20. What is r(12)?
16
Let g(w) = w + 73. Determine g(-23).
50
Let s(f) = -10*f**2 - 7*f - 3. Determine s(2).
-57
Let q(t) = t + 3. Determine q(-4).
-1
Let i(l) = -l**3 + 10*l**2 - 7*l + 2. Determine i(9).
20
Let o(f) = 2*f**2 + 8*f + 5. Give o(-3).
-1
Let m(h) = h - 6. Determine m(28).
22
Let p(j) = j - 13. What is p(13)?
0
Let h(k) = k**2 - 11*k + 12. Give h(10).
2
Let w(t) = 2*t - 6. Calculate w(8).
10
Let s(z) = -z + 13. What is s(6)?
7
Let p(u) = 2*u**3 + 10*u**2 - 13*u + 2. Give p(-6).
8
Let o(u) = -9*u**2 + u - 1. Calculate o(1).
-9
Let l(p) = p**3 + 5*p**2 - 9*p - 2. Calculate l(-6).
16
Let k(w) = -11*w + 51. Determine k(-4).
95
Let l(f) = -f**2 - 2*f - 3. Calculate l(-8).
-51
Let y(p) = p - 29. Calculate y(22).
-7
Let l(z) = -25*z + 15. Calculate l(1).
-10
Let p(k) = k**3 + 6*k**2 - 8*k + 9. What is p(-7)?
16
Let u(m) = 3*m**2 + 3*m - 2. Give u(-3).
16
Let i(s) = -2*s - 11. Determine i(10).
-31
Let t(k) = k**3 - 14*k**2 - 50*k + 24. Give t(17).
41
Let m(h) = -2*h + 41. Give m(19).
3
Let r(g) = g**3 + g**2 + 5*g. Give r(4).
100
Let v(z) = z**2 - 3*z - 24. Determine v(9).
30
Let w(g) = 4*g**2 + 7*g + 8. Calculate w(-4).
44
Let b(l) = l**3 - 4*l**2 - 5*l + 5. Calculate b(5).
5
Let b(j) = -5*j. Give b(-3).
15
Let y(d) = d**3 + 8*d**2 + 7*d + 7. Determine y(-7).
7
Let v(g) = 5*g**2 - 19*g + 1. Determine v(4).
5
Let p(n) = n**2 + 8*n + 18. Give p(-6).
6
Let i(t) = -2*t - 27. Determine i(18).
-63
Let l(i) = i**3 - 7*i**2 - 10*i + 1. What is l(8)?
-15
Let w(h) = -h**3 + 4*h**2 + 5*h + 1. Calculate w(4).
21
Let n(c) = 6*c - 18. Determine n(8).
30
Let v(r) = 7*r - 324. What is v(45)?
-9
Let r(a) = a**3 - 7*a**2 + 5*a - 10. What is r(7)?
25
Let j(o) = o**3 + 69*o**2 - 74*o - 284. What is j(-70)?
-4
Let t(c) = -c**3 + 4*c**2 - 4*c - 5. Calculate t(3).
-8
Let u(s) = s**3 + 6*s**2 - 4*s + 5. Give u(-7).
-16
Let p(f) = -f**3 + 7*f**2 + 4*f - 8. Give p(7).
20
Let x(t) = -6*t - 29. Determine x(3).
-47
Let y(a) = -3*a - 9. What is y(0)?
-9
Let i(z) = -5*z - 18. Give i(13).
-83
Let o(b) = 15*b + 207. Determine o(-14).
-3
Let y(l) = l**2 - 17*l + 25. Calculate y(15).
-5
Let v(f) = -f**2 + 4*f + 21. What is v(-4)?
-11
Let f(u) = -14*u - 92. Determine f(-7).
6
Let r(a) = 8*a + 76. What is r(-14)?
-36
Let w(a) = -a**2 + 6*a + 8. Determine w(7).
1
Let d(r) = 8*r + 110. Give d(0).
110
Let j(f) = -f**2 + 5*f + 6. What is j(6)?
0
Let y(h) = h**3 - 4*h**2 - 8*h + 4. Give y(5).
-11
Let r(n) = -9*n - 29. What is r(-5)?
16
Let l(t) = 13*t - 240. What is l(18)?
-6
Let c(z) = -z**3 + 10*z**2 - 26*z + 13. Determine c(6).
1
Let m(v) = 2*v + 43. Give m(-10).
23
Let u(q) = -5*q + 69. Determine u(7).
34
Let s(h) = -2*h - 14. Determine s(-6).
-2
Let o(j) = j**2 + 6*j - 11. Give o(-10).
29
Let r(i) = -i**2 - 2*i - 2. What is r(5)?
-37
Let k(p) = -2*p**2 + 54*p + 58. Calculate k(28).
2
Let k(f) = 2*f**3 + f**2 + 2*f - 15. What is k(0)?
-15
Let a(w) = -2*w**2 + 19*w - 11. Give a(9).
-2
Let u(p) = 2*p + 17. What is u(-8)?
1
Let d(h) = -3*h**2 + 3*h. Give d(5).
-60
Let b(c) = -c**3 + 3*c**2 + 8. Determine b(4).
-8
Let y(k) = -k**2 - 3*k - 1. Determine y(-7).
-29
Let z(s) = -s**2 + 7*s - 2. Determine z(7).
-2
Let y(f) = -2*f + 42. Give y(18).
6
Let u(l) = l**2 + 8*l - 3. What is u(-9)?
6
Let i(f) = 4*f - 2. Calculate i(3).
10
Let z(o) = -o**3 + 12*o**2 - 39*o + 2. What is z(7)?
-26
Let n(k) = k**3 - 6*k**2 + 6*k + 5. What is n(5)?
10
Let i(j) = 8*j - 28. Determine i(8).
36
Let m(y) = 13*y**3 + y**2. Determine m(1).
14
Let s(v) = v**3 - v**2 - v + 8. Give s(3).
23
Let m(d) = -92*d + 48. Determine m(3).
-228
Let q(y) = -y**3 + y**2 + 16*y - 2. Determine q(4).
14
Let v(s) = s**2 - 25*s + 112. What is v(6)?
-2
Let n(z) = 6*z**2 + 41*z - 10. Calculate n(-7).
-3
Let z(q) = q**2 - 4*q. Calculate z(3).
-3
Let l(v) = 5*v**2 + 17*v - 2. Calculate l(-4).
10
Let j(l) = -26*l - 392. Give j(-15).
-2
Let q(f) = -4*f - 26. Give q(-12).
22
Let i(l) = -3*l**2 - l - 5. Determine i(-5).
-75
Let i(o) = -o**3 + 14*o**2 - 11*o - 12. Calculate i(13).
14
Let f(b) = b**3 - 4*b**2 - 38*b - 2. Determine f(9).
61
Let l(y) = 32*y + 4. Determine l(-1).
-28
Let s(c) = 4*c**2. What is s(1)?
4
Let c(s) = s**3 + 6*s**2 + 5*s + 1. Give c(-6).
-29
Let y(f) = -8*f - 35. Calculate y(-17).
101
Let i(o) = o**3 - 12*o**2 + 35*o + 5. Calculate i(5).
5
Let a(b) = -b**2 - 11*b + 7. Give a(-11).
7
Let j(x) = -8*x**2 + 88*x + 3. What is j(11)?
3
Let k(g) = 12*g + 2. Calculate k(-2).
-22
Let c(p) = -2*p - 55. Determine c(-31).
7
Let c(b) = -b**3 - 9*b**2 - 9*b - 1. What is c(-8)?
7
Let x(l) = 3*l**2 - 19*l + 21. Determine x(8).
61
Let y(r) = 43*r + 566. What is y(-13)?
7
Let s(b) = -3*b + 13. What is s(-14)?
55
Let a(y) = 8*y + 82. Determine a(-8).
18
Let f(w) = -w**2 - 8*w + 60. Give f(-12).
12
Let f(z) = z - 7. Determine f(5).
-2
Let c(v) = v**2 - 7*v + 1. Determine c(3).
-11
Let j(o) = -o - 2. What is j(12)?
-14
Let j(h) = 3*h**2 - 68*h - 172. What is j(25)?
3
Let x(j) = -j**3 - 21*j**2 + j + 22. Give x(-21).
1
Let f(t) = -t**2 + 10*t + 16. Calculate f(15).
-59
Let x(y) = -10*y + 143. Give x(14).
3
Let x(c) = -c**3 + 4*c**2 + 3*c + 2. What is x(-3)?
56
Let m(j) = j**3 - 16*j**2 + 4*j - 38. What is m(16)?
26
Let v(g) = -6*g**2 - 5*g + 3. Determine v(1).
-8
Let i(f) = f**3 + 15*f**2 + 12*f + 1. Determine i(-14).
29
Let r(l) = l**3 + 4*l**2 - 4*l + 4. What is r(-5)?
-1
Let x(g) = -9*g**2 + 253*g - 36. What is x(28)?
-8
Let g(q) = -2*q + 3. Give g(-1).
5
Let b(k) = -8*k + 4. Give b(3).
-20
Let k(r) = r**3 - 8*r**2 + 4. Give k(8).
4
Let r(i) = -i**3 + 3*i**2 + 5*i - 1. Determine r(-2).
9
Let m(g) = g**3 - 4*g**2 - 5*g + 1. Calculate m(5).
1
Let o(w) = w + 20. Determin